site number?
False
Is 58831 prime?
True
Is 185453 a prime number?
False
Is 35671 prime?
True
Is 9587 prime?
True
Is 5893 prime?
False
Is 129341 prime?
True
Is 90161 composite?
True
Is 3019 composite?
False
Is 340519 composite?
False
Is 50639 a composite number?
True
Is 1095091 prime?
True
Is 16634 prime?
False
Is 1699715 a prime number?
False
Is 121543 a composite number?
True
Is 1399 a composite number?
False
Is 357683 prime?
True
Is 2199 a prime number?
False
Is 128779 composite?
True
Is 226307 a composite number?
False
Is 12767 prime?
False
Is 32146 a prime number?
False
Is 218249 prime?
True
Is 64811 a composite number?
False
Is 44351 prime?
True
Is 63799 a prime number?
True
Is 5469 a composite number?
True
Is 61881 composite?
True
Is 237989 prime?
False
Is 330266 a prime number?
False
Is 53689 a prime number?
False
Is 9521 composite?
False
Is 14173 composite?
False
Is 137567 composite?
False
Is 268043 a prime number?
True
Is 101081 a composite number?
False
Is 210895 composite?
True
Is 31847 a prime number?
True
Is 521471 a composite number?
False
Is 179141 prime?
False
Is 21647 composite?
False
Is 11707 a composite number?
True
Is 189997 a composite number?
False
Is 33679 composite?
False
Is 99469 prime?
True
Is 436697 prime?
False
Is 45755 composite?
True
Is 637657 prime?
True
Is 15629 composite?
False
Is 126181 composite?
True
Is 430159 a prime number?
False
Is 222085 a prime number?
False
Is 50983 prime?
False
Is 13551 composite?
True
Is 29037 composite?
True
Is 974017 composite?
True
Is 14371 a prime number?
False
Is 113279 a prime number?
True
Is 114865 composite?
True
Is 102293 prime?
True
Is 58889 prime?
True
Is 141874 a composite number?
True
Is 24031 prime?
False
Is 251 a prime number?
True
Is 2053 a composite number?
False
Is 745409 a composite number?
True
Is 25177 composite?
True
Is 12443 composite?
True
Is 668285 composite?
True
Is 787 a prime number?
True
Is 53 a composite number?
False
Is 7555 a prime number?
False
Is 25057 composite?
False
Is 104507 a prime number?
False
Is 2741 a prime number?
True
Is 5273 composite?
False
Is 100918 a prime number?
False
Is 265703 prime?
True
Is 83267 a prime number?
True
Is 13963 prime?
True
Is 6947 composite?
False
Is 77117 a composite number?
True
Is 969071 a prime number?
True
Is 581927 composite?
True
Is 779561 prime?
True
Is 18329 composite?
False
Is 448303 a composite number?
False
Is 505931 prime?
False
Is 7901 prime?
True
Is 3019 a prime number?
True
Is 6701 a prime number?
True
Is 3639 composite?
True
Is 12319 prime?
False
Is 192461 a prime number?
True
Is 171007 a prime number?
True
Is 3323399 prime?
True
Is 22853 prime?
True
Is 1067 a prime number?
False
Is 2959 a composite number?
True
Is 278485 a prime number?
False
Is 114113 a composite number?
False
Is 596611 composite?
False
Is 29423 prime?
True
Is 35645 a composite number?
True
Is 186943 prime?
False
Is 13291 a composite number?
False
Is 24031 composite?
True
Is 3349 composite?
True
Is 11561 prime?
False
Is 158135 prime?
False
Is 16603 a prime number?
True
Is 902179 a composite number?
False
Is 19373 a composite number?
False
Is 71527 prime?
True
Is 3691 prime?
True
Is 3251 composite?
False
Is 46357 prime?
False
Is 339661 composite?
True
Is 334751 prime?
True
Is 545503 prime?
False
Is 61331 prime?
True
Is 4751 a composite number?
False
Is 68947 composite?
False
Is 14095 composite?
True
Is 276857 composite?
True
Is 1698689 a composite number?
False
Is 577123 a composite number?
False
Is 2609 a prime number?
True
Is 14509 composite?
True
Is 184865 a prime number?
False
Is 6365393 a prime number?
True
Is 448765 prime?
False
Is 55435 a composite number?
True
Is 4907 a composite number?
True
Is 284029 prime?
False
Is 235253 composite?
True
Is 74785 a prime number?
False
Is 165931 prime?
True
Is 321289 prime?
True
Is 113963 prime?
True
Is 28319 composite?
False
Is 9199 prime?
True
Is 2707 a composite number?
False
Is 7169 prime?
False
Is 164321 a composite number?
False
Is 22853 a composite number?
False
Is 446353 composite?
False
Is 1861 composite?
False
Is 2467 composite?
False
Is 599227 composite?
True
Is 138017 prime?
False
Is 13402 a prime number?
False
Is 27419 prime?
False
Is 47569 a composite number?
False
Is 589 composite?
True
Is 5209 prime?
True
Is 3672437 a composite number?
False
Is 889 a composite number?
True
Is 7711 prime?
False
Is 14699 composite?
False
Is 12791 a prime number?
True
Is 1438 composite?
True
Is 2869759 prime?
True
Is 54721 composite?
False
Is 7057 a composite number?
False
Is 7533197 prime?
False
Is 1753 prime?
True
Is 718871 a composite number?
False
Is 84517 composite?
True
Is 83813 prime?
True
Is 13829 prime?
True
Is 9389 a prime number?
False
Is 48073 a prime number?
True
Is 66617 a composite number?
False
Is 112027 composite?
True
Is 127649 composite?
False
Is 3037 a composite number?
False
Is 456571 prime?
True
Is 7717 a prime number?
True
Is 162109 a composite number?
False
Is 1277 prime?
True
Is 34231 prime?
True
Is 2519 composite?
True
Is 15819 a composite number?
True
Is 64063 composite?
False
Is 1357 a composite number?
True
Is 2832713 a prime number?
False
Is 24835 composite?
True
Is 1216577 prime?
True
Is 8467 a prime number?
True
Is 14051 composite?
False
Is 560039 a prime number?
True
Is 153737 prime?
False
Is 14591 prime?
True
Is 2841 a prime number?
False
Is 35671 a prime number?
True
Is 167327 a composite number?
True
Is 234647 a composite number?
True
Is 860231 prime?
False
Is 15338 composite?
True
Is 15659 composite?
True
Is 466951 prime?
True
Is 60397 prime?
True
Is 4751 composite?
False
Is 7069 prime?
True
Is 320471 composite?
False
Is 280607 prime?
True
Is 109051 a composite number?
True
Is 11411 prime?
True
Is 231305 a prime number?
False
Is 19693 a composite number?
True
Is 67243 a prime number?
False
Is 369487 composite?
False
Is 14791 composite?
True
Is 642329 composite?
True
Is 12605 a prime number?
False
Is 1507 a composite number?
True
Is 287843 composite?
True
Is 75011 a prime number?
True
Is 184993 a composite number?
False
Is 38762 prime?
False
Is 64553 a prime number?
True
Is 57991 a prime number?
True
Is 22937 composite?
False
Is 9167 a composite number?
True
Is 34871 composite?
False
Is 24169 composite?
False
Is 6619 a prime number?
True
Is 1906331 composite?
True
Is 51713 a prime number?
True
Is 166993 composite?
True
Is 2481517 a prime number?
True
Is 1303759 prime?
False
Is 49403 composite?
True
Is 79363 prime?
False
Is 7099 prime?
False
Is 99227 prime?
False
Is 558139 a composite number?
False
Is 103297 composite?
True
Is 11201 a composite number?
True
Is 470977 prime?
False
Is 11597 composite?
False
Is 52357 a prime number?
False
Is 10349 composite?
True
Is 29081 prime?
False
Is 122819 a prime number?
True
Is 586977 prime?
False
Is 22907 composite?
False
Is 667417 a prime number?
True
Is 193717 a composite number?
True
Is 9127 a composite number?
False
Is 456349 prime?
True
Is 11369 prime?
True
Is 258403 prime?
True
Is 898607 composite?
False
Is 12134 prime?
False
Is 142387 a composite number?
True
Is 86717 a composite number?
True
Is 564191 a composite number?
False
Is 1329569 prime?
True
Is 418017 a prime number?
False
Is 1456919 composite?
False
Is 7017 prime?
False
Is 2181 composite?
True
Is 620293 composite?
True
Is 458998 a prime number?
False
Is 3641 a prime number?
False
Is 150359 a composite number?
True
Is 73559 prime?
False
Is 16397 prime?
False
Is 322277 a composite number?
True
Is 88057 prime?
False
Is 5501 a composite number?
False
Is 12821 a prime number?
True
Is 37243 a prime number?
True
Is 977537 a composite number?
True
Is 49307 composite?
False
Is 28871 a composite number?
False
Is 11519 a prime number?
True
Is 317671 a prime number?
True
Is 8185 composite?
True
Is 1305229 a composite number?
False
Is 1065898 a composite number?
True
Is 259121 a prime number?
True
Is 60141 composite?
True
Is 35627 a prime number?
False
Is 736937 prime?
True
Is 110963 a prime number?
False
Is 2298833 a composite number?
False
Is 20831 a composite number?
True
Is 809771 a composite number?
False
Is 1033099 prime?
True
Is 229069 a composite number?
True
Is 538355 a prime number?
False
Is 4013383 composite?
True
Is 6637 composite?
False
Is 222505 a 